is the units digit of n?
6
Let u be (55/(-25) - -3)/((-2)/(-115)). Suppose -388 = -2*m - u. What is the units digit of m?
1
Let a(n) = -4*n - 1. Let w be a(-1). Let y(u) = u**3 + 5*u + 0*u**3 - u**2 + 0*u**3 - 2. What is the units digit of y(w)?
1
Let d = 1 - -2. Suppose 0*q - 3*q = l + 1, -3*l - d*q + 9 = 0. Suppose 4*j - s - s - 22 = 0, j + 3*s + l = 0. What is the units digit of j?
4
Suppose -18 = s + 2*s. Let r = 41 + -59. What is the units digit of r/((s - 0)/3)?
9
Suppose -292 + 19 = -3*c. Let b = c - 36. What is the units digit of b?
5
Suppose -4346 = -11*x + 3871. What is the hundreds digit of x?
7
Suppose 0 = 52*p - 47*p - 2900. What is the units digit of p?
0
Let w = 6 + -19. Let z = 19 + w. Suppose 4*i + 4*o = 160, -118 = -3*i + o - z*o. What is the tens digit of i?
4
Let w(b) = b**3 - 4*b**2 + b - 4. Let p be w(4). Let v = 3 + p. Suppose v*r = 58 + 59. What is the units digit of r?
9
Suppose -c - 3165 = -4*r, -2*c - c - 3958 = -5*r. What is the units digit of r?
1
Let f be 0 - -1*(1 - -1). Suppose f*y = -2, -3*y - 75 = -5*k + 2*k. Suppose -3*j = -0*j - k. What is the units digit of j?
8
Suppose -5*j - i = -0*j - 20, 3*i - 9 = 2*j. Suppose 2*b - 27 = -4*x + j*b, 3*x = 2*b + 24. What is the units digit of x?
6
Let n(c) = -13*c**2 - 4*c - 1. Let m(r) = -27*r**2 - 8*r - 2. Let t(q) = 6*m(q) - 13*n(q). Let i be t(-3). What is the units digit of 10/8 - 13/i?
1
Let x = 23 - 17. What is the units digit of ((-2)/x*-74)/((-4)/(-6))?
7
Let o(a) = 1066*a**2 + 145*a + 292. What is the tens digit of o(-2)?
6
Let k = 90 - -25. Suppose -25 - k = -5*a. What is the units digit of a?
8
Suppose -2*t = 3*t + 2*q - 30, -27 = -3*t - 3*q. What is the units digit of ((-52 + t)/4)/(-2)?
6
Let p(v) = -v**2 - 10*v + 16. Let q(m) = -2*m**2 - 22*m + 31. Let t(g) = 9*p(g) - 4*q(g). Suppose 3*d = 4*d. What is the tens digit of t(d)?
2
Suppose 13*p - 17*p - 4*i + 1104 = 0, 1108 = 4*p + 3*i. What is the tens digit of p?
8
Suppose -u + 168 = -37. Suppose -j = -4*d - 0*d - 180, -j + u = d. What is the hundreds digit of j?
2
Suppose -8 = -0*m - 4*m, 4*q + m - 10 = 0. Suppose g = 5*h + 133, q*g - 278 = -h - h. What is the units digit of g?
8
Suppose -1615 = -5*b + n, -b - n = -3*b + 643. Suppose 0*s = 4*i - 4*s - b, -5*i + 408 = -4*s. What is the units digit of i?
4
Let j(h) = -5*h - 72. Let a be j(-15). Suppose 0*k + t + 392 = a*k, 3*k - 404 = -2*t. What is the tens digit of k?
3
Suppose -4*r - 2*d = -10, 4 + 5 = -3*d. Suppose 3*v + 6 = r*v. Suppose b + 3*l + 4 = v, -12 = -b - l. What is the units digit of b?
7
Let i(y) = -2*y**2 + y - 1. Let m(w) = w**3 + 26*w**2 + 10*w - 3. Let c(r) = -5*i(r) - m(r). What is the units digit of c(-15)?
8
Suppose 21*v + 26880 = 37*v. What is the thousands digit of v?
1
Let c = 765 - 454. What is the tens digit of c?
1
Let n(h) = 202*h**2 - 60*h - 23. What is the tens digit of n(5)?
2
Suppose -859 = -12*p + 3893. What is the units digit of p?
6
Suppose 2*u + 616 - 2436 = 2*n, -4*u - 4*n + 3656 = 0. What is the hundreds digit of u?
9
Let m be 6/(-9) - 80/(-3). Let k(v) = -v + 2. Let p be k(0). Suppose 0*y = -p*y + m. What is the units digit of y?
3
Let g(j) = 2*j**3 - 5*j**2 - 11*j + 7. Let c be g(5). Let l = 82 - c. What is the units digit of l?
5
Suppose m + m - 4 = 0. What is the units digit of m*(-4)/((-20)/215)?
6
Let b(v) = 6*v - 273. What is the tens digit of b(75)?
7
Suppose -3*h = y - 235 - 317, -2*y + 1144 = -4*h. Suppose -4*i = -4*x - 784, -3*i - 2*x - 3*x = -y. What is the hundreds digit of i?
1
Suppose -70*p = -57*p - 72956. What is the thousands digit of p?
5
Suppose -47*y + 25*y = -3432. What is the hundreds digit of y?
1
Let w = -137 + 364. What is the hundreds digit of w?
2
What is the units digit of (-16)/24*1*(-1 + -869)?
0
Suppose g = -5*j + 19, -5*g - 3*j + 105 = -12. Let a = 22 - g. What is the units digit of -1 - -4 - 56/a?
1
Let j = -23 + 26. Suppose 0 = -4*c - 1 - j. What is the units digit of c - (0 + -43) - -4?
6
Suppose a + y + 2 = 0, -7 = a - y + 3*y. Suppose 0 = -3*p - a*g - 220 + 811, -p + 200 = 4*g. What is the hundreds digit of p?
1
Let d(j) = -j**3 + 25. Let b = 17 + -17. Let g be d(b). Suppose -23 = -6*f + g. What is the units digit of f?
8
Let z = 256 - 38. What is the tens digit of z?
1
Let c(b) be the first derivative of 8*b**3/3 - b**2 + 2*b + 14. What is the units digit of c(-3)?
0
Let x(j) = 15 + 0 + 3*j**2 - 10*j**2 + 9*j + 4*j**3 - 5*j**3. Let y be x(-8). What is the tens digit of 2/y - (-402)/14?
2
Suppose -26 = -3*c + 4. Suppose -c*h = -h + 18. What is the tens digit of (-6 - -4)*23/h?
2
Let r(k) = 4*k - 7. Let l be (-47)/(-5) + 3/5. What is the units digit of r(l)?
3
Suppose 15*m = -m + 14464. What is the hundreds digit of m?
9
Let r(z) = -7*z - 1. Let o be r(-2). Let x = 23 - o. What is the units digit of x/4*84/35?
6
Suppose -g - 1 = 0, -7 = 4*r - g - 24. Suppose 5*f - 19 = 4*j, -23 = -0*j + r*j - f. What is the units digit of (-1)/j + (-214)/(-12)?
8
Let z(d) = 69*d**2 - 3*d - 1. Let b be z(-1). What is the units digit of (b + 1 - -1) + -2?
1
Let l(j) = 3*j**2 + 11*j + 10. Let s be l(-7). Let q = s - 48. What is the units digit of q?
2
Suppose v - 3*p - 1363 = 0, 0 = -3*v - 4*p + 1055 + 3060. What is the tens digit of v?
6
Let x = 10 - 7. Suppose -x*h + 21 - 9 = 0. Suppose 8 = -2*c + h*c. What is the units digit of c?
4
Let w(d) = -d**3 - d**2 + 7*d - 6. Let t be w(-7). Let p = t + -116. What is the tens digit of p?
2
Let z(o) = 43*o**2 - o + 5. What is the tens digit of z(3)?
8
Let b = 7 - 4. Suppose -b*c - 3*u = -156, -5*c + 3*u = 4*u - 248. Suppose -3*w = 2*a - c, 2*w = -w - a + 50. What is the units digit of w?
7
Suppose 23*x - 28528 = 2706. What is the thousands digit of x?
1
Suppose -39*a + 38891 = 7028. What is the tens digit of a?
1
Suppose -5*j = 2*b - b + 102, -2*j - 4*b = 48. Let z = j - -3. Let q = 36 + z. What is the tens digit of q?
1
What is the units digit of ((-16)/(-32))/(0 + (-1)/(-434))?
7
Let a(b) = -b**2 + 22*b - 71. Let m be a(4). Let s be 1/4 + (-87)/(-4). What is the units digit of s + 4/(5 - m)?
3
Let p(a) = 2*a + 1. Let s be p(5). Let c(k) = 5*k**2 + 12*k + 3. Let z(l) = -14*l**2 - 36*l - 10. Let v(g) = -17*c(g) - 6*z(g). What is the tens digit of v(s)?
2
Let m be (-182)/(-1) - (0 + 0). Suppose 4*t + m = -2*i, 0*i - 5*i - 479 = 4*t. What is the units digit of (-7 + 5)/(6/i)?
3
Let c = -1030 + 1475. What is the units digit of c?
5
Let d be (-3)/(-2) + (-392)/(-16). What is the tens digit of 4/d - 423/(-39)?
1
Suppose 22*r - 14184 = 10*r. What is the units digit of r?
2
Let z(y) = -30*y**3 + 8*y + 19. What is the tens digit of z(-3)?
0
Let c(r) be the third derivative of r**5/12 + r**4/6 + r**3/6 + 26*r**2. What is the tens digit of c(-3)?
3
Let z(p) = 35*p**2 + 23*p + 9. What is the tens digit of z(-4)?
7
What is the units digit of (7 + 1)/((-120)/(-58) - 2)?
6
Suppose -3*l + 147 = -6. Suppose -3*g = 4*p - 48 - 12, p - l = -3*g. What is the tens digit of g?
1
Suppose -5*r + 3*o = 2*o + 177, 3*o - 111 = 3*r. What is the units digit of ((-12)/(-15))/((-1)/r)?
8
Let x(u) = 20*u**3 + 6*u**2 - 4*u - 28. What is the hundreds digit of x(5)?
6
Let y(n) = 47 + 4*n + 0*n - 3*n. Let o be y(0). Let w = o - 16. What is the units digit of w?
1
Suppose -2*t = -3*t - 3*s - 140, 3*s = 5*t + 700. Let m = -118 - t. What is the units digit of m?
2
Suppose 4*s - 13 = -93. Let n = s + 31. Let u = 56 - n. What is the tens digit of u?
4
Let l(k) = -k**2 + 12*k + 1646. What is the units digit of l(0)?
6
Suppose 2629*x = 2618*x + 29095. What is the units digit of x?
5
Let m(j) be the second derivative of 1/12*j**4 - 1/20*j**5 - 1/3*j**3 - j**2 + 6*j + 0. What is the tens digit of m(-3)?
4
Let x(h) = -h**2 + 12*h - 4. Let u be x(9). Let d = 39 - u. Let l = d - 13. What is the units digit of l?
3
Suppose 3*r + 58 = 5*j, r + 2*j + 9 = -3. Let y be 0/(-1 + 0/3). Let l = y - r. What is the tens digit of l?
1
Let u(k) = k**3 + k**2 + k**2 - k**2 - 1. Let p(w) = -2*w**3 + 4*w**2 - 13*w + 2. Let z(n) = -p(n) - 3*u(n). What is the tens digit of z(-9)?
4
Suppose 4*i + i = -x + 2, 4*i = -2*x + 4. Suppose -5*k + 149 = 2*u, x*k - 76 = -u - 0*k. Suppose -9*s = -7*s - u. What is the units digit of s?
1
What is the hundreds digit of (-21)/63 + (-13492)/(-3)?
4
Let j(u) = u**3 - 9*u**2 + 9*u - 2. Let